{"id":724,"date":"2025-12-15T21:47:21","date_gmt":"2025-12-15T21:47:21","guid":{"rendered":"https:\/\/municipalidaddepanajachel.gob.gt\/?page_id=724"},"modified":"2025-12-29T17:47:18","modified_gmt":"2025-12-29T17:47:18","slug":"desarrollo-social","status":"publish","type":"page","link":"https:\/\/municipalidaddepanajachel.gob.gt\/index.php\/desarrollo-social\/","title":{"rendered":"Desarrollo Social"},"content":{"rendered":"<p>[et_pb_section fb_built=\u00bb1&#8243; fullwidth=\u00bbon\u00bb _builder_version=\u00bb4.25.2&#8243; _module_preset=\u00bbdefault\u00bb global_colors_info=\u00bb{}\u00bb][et_pb_fullwidth_slider _builder_version=\u00bb4.27.4&#8243; _module_preset=\u00bbdefault\u00bb custom_padding=\u00bb82px||249px|||\u00bb global_colors_info=\u00bb{}\u00bb][et_pb_slide heading=\u00bbDesarrollo Social\u00bb use_bg_overlay=\u00bbon\u00bb use_text_overlay=\u00bboff\u00bb _builder_version=\u00bb4.27.4&#8243; _module_preset=\u00bbdefault\u00bb header_font=\u00bb|800|||||||\u00bb header_font_size=\u00bb55px\u00bb background_enable_color=\u00bboff\u00bb background_image=\u00bbhttps:\/\/municipalidaddepanajachel.gob.gt\/wp-content\/uploads\/2025\/12\/Edit-1-min-scaled.png\u00bb background_enable_image=\u00bbon\u00bb global_colors_info=\u00bb{}\u00bb sticky_transition=\u00bbon\u00bb][\/et_pb_slide][\/et_pb_fullwidth_slider][\/et_pb_section][et_pb_section fb_built=\u00bb1&#8243; _builder_version=\u00bb4.27.4&#8243; _module_preset=\u00bbdefault\u00bb global_colors_info=\u00bb{}\u00bb][et_pb_row column_structure=\u00bb1_2,1_2&#8243; _builder_version=\u00bb4.27.4&#8243; _module_preset=\u00bbdefault\u00bb global_colors_info=\u00bb{}\u00bb][et_pb_column type=\u00bb1_2&#8243; _builder_version=\u00bb4.27.4&#8243; _module_preset=\u00bbdefault\u00bb global_colors_info=\u00bb{}\u00bb][et_pb_text _builder_version=\u00bb4.27.4&#8243; _module_preset=\u00bbdefault\u00bb global_colors_info=\u00bb{}\u00bb]<\/p>\n<p>&nbsp;<\/p>\n<p>&nbsp;<\/p>\n<p>Las oficinas de Desarrollo Social son un espacio municipal cuyo objetivo principal es contribuir a mejorar la calidad de vida de las personas del municipio a trav\u00e9s de una coordinaci\u00f3n oportuna de los recursos municipales y de otras organizaciones gubernamentales, ONGS, asociaciones, fundaciones que tienen presencia dentro del municipio. Las \u00e1reas sociales son diversas e integrales, y dividen la atenci\u00f3n en base a los grupos poblacionales, por ejemplo, ni\u00f1ez, adolescencia, mujeres, adultos mayores, personas con discapacidad<\/p>\n<p>[\/et_pb_text][\/et_pb_column][et_pb_column type=\u00bb1_2&#8243; _builder_version=\u00bb4.27.4&#8243; _module_preset=\u00bbdefault\u00bb global_colors_info=\u00bb{}\u00bb][et_pb_image src=\u00bbhttps:\/\/municipalidaddepanajachel.gob.gt\/wp-content\/uploads\/2025\/12\/IMG_1565.jpg\u00bb title_text=\u00bbIMG_1565&#8243; _builder_version=\u00bb4.27.4&#8243; _module_preset=\u00bbdefault\u00bb border_radii=\u00bbon|10px|10px|10px|10px\u00bb global_colors_info=\u00bb{}\u00bb][\/et_pb_image][\/et_pb_column][\/et_pb_row][et_pb_row column_structure=\u00bb1_2,1_2&#8243; _builder_version=\u00bb4.27.4&#8243; _module_preset=\u00bbdefault\u00bb global_colors_info=\u00bb{}\u00bb][et_pb_column type=\u00bb1_2&#8243; _builder_version=\u00bb4.27.4&#8243; _module_preset=\u00bbdefault\u00bb global_colors_info=\u00bb{}\u00bb][et_pb_image src=\u00bbhttps:\/\/municipalidaddepanajachel.gob.gt\/wp-content\/uploads\/2025\/12\/DSC00975-scaled.jpg\u00bb title_text=\u00bbDSC00975&#8243; _builder_version=\u00bb4.27.4&#8243; _module_preset=\u00bbdefault\u00bb border_radii=\u00bbon|10px|10px|10px|10px\u00bb global_colors_info=\u00bb{}\u00bb][\/et_pb_image][\/et_pb_column][et_pb_column type=\u00bb1_2&#8243; _builder_version=\u00bb4.27.4&#8243; _module_preset=\u00bbdefault\u00bb global_colors_info=\u00bb{}\u00bb][et_pb_text _builder_version=\u00bb4.27.4&#8243; _module_preset=\u00bbdefault\u00bb global_colors_info=\u00bb{}\u00bb]<\/p>\n<p>Aspectos Importantes<\/p>\n<ul>\n<li>Coordinaci\u00f3n Interinstitucional<\/li>\n<li>Coordina con los grupos organizados del municipio y sociedad civil<\/li>\n<li>Pol\u00edtica P\u00fablica con enfoque de derechos e inclusi\u00f3n ni\u00f1ez y la adolescencia y\u00a0 proceso de actualizaci\u00f3n Pol\u00edtica Publica de la Mujer<\/li>\n<li>Integra varias redes municipales y departamentales<\/li>\n<li>Posee un \u00e1rea de Psicolog\u00eda y trabajo social para optimizar el trabajo de las oficinas<\/li>\n<li>Se apoya de universidades, ONGS en la parte acad\u00e9mica<\/li>\n<li>Trabajo de atenci\u00f3n, procesos de educaci\u00f3n e informaci\u00f3n<\/li>\n<li>Campa\u00f1as comunicacionales<\/li>\n<li>D\u00edas conmemorativos<\/li>\n<\/ul>\n<p>[\/et_pb_text][\/et_pb_column][\/et_pb_row][\/et_pb_section][et_pb_section fb_built=\u00bb1&#8243; _builder_version=\u00bb4.27.4&#8243; _module_preset=\u00bbdefault\u00bb global_colors_info=\u00bb{}\u00bb][et_pb_row _builder_version=\u00bb4.27.4&#8243; _module_preset=\u00bbdefault\u00bb global_colors_info=\u00bb{}\u00bb][et_pb_column type=\u00bb4_4&#8243; _builder_version=\u00bb4.27.4&#8243; _module_preset=\u00bbdefault\u00bb global_colors_info=\u00bb{}\u00bb][et_pb_blog fullwidth=\u00bboff\u00bb include_categories=\u00bb14&#8243; show_author=\u00bboff\u00bb show_date=\u00bboff\u00bb show_categories=\u00bboff\u00bb show_excerpt=\u00bboff\u00bb show_pagination=\u00bboff\u00bb _builder_version=\u00bb4.27.4&#8243; _module_preset=\u00bbdefault\u00bb header_font_size=\u00bb14px\u00bb border_radii=\u00bbon|10px|10px|10px|10px\u00bb global_colors_info=\u00bb{}\u00bb][\/et_pb_blog][\/et_pb_column][\/et_pb_row][\/et_pb_section]<\/p>\n","protected":false},"excerpt":{"rendered":"<p>&nbsp; &nbsp; Las oficinas de Desarrollo Social son un espacio municipal cuyo objetivo principal es contribuir a mejorar la calidad de vida de las personas del municipio a trav\u00e9s de una coordinaci\u00f3n oportuna de los recursos municipales y de otras organizaciones gubernamentales, ONGS, asociaciones, fundaciones que tienen presencia dentro del municipio. Las \u00e1reas sociales son [&hellip;]<\/p>\n","protected":false},"author":1,"featured_media":0,"parent":0,"menu_order":0,"comment_status":"closed","ping_status":"closed","template":"","meta":{"_et_pb_use_builder":"on","_et_pb_old_content":"","_et_gb_content_width":"","footnotes":""},"class_list":["post-724","page","type-page","status-publish","hentry"],"_links":{"self":[{"href":"https:\/\/municipalidaddepanajachel.gob.gt\/index.php\/wp-json\/wp\/v2\/pages\/724","targetHints":{"allow":["GET"]}}],"collection":[{"href":"https:\/\/municipalidaddepanajachel.gob.gt\/index.php\/wp-json\/wp\/v2\/pages"}],"about":[{"href":"https:\/\/municipalidaddepanajachel.gob.gt\/index.php\/wp-json\/wp\/v2\/types\/page"}],"author":[{"embeddable":true,"href":"https:\/\/municipalidaddepanajachel.gob.gt\/index.php\/wp-json\/wp\/v2\/users\/1"}],"replies":[{"embeddable":true,"href":"https:\/\/municipalidaddepanajachel.gob.gt\/index.php\/wp-json\/wp\/v2\/comments?post=724"}],"version-history":[{"count":19,"href":"https:\/\/municipalidaddepanajachel.gob.gt\/index.php\/wp-json\/wp\/v2\/pages\/724\/revisions"}],"predecessor-version":[{"id":844,"href":"https:\/\/municipalidaddepanajachel.gob.gt\/index.php\/wp-json\/wp\/v2\/pages\/724\/revisions\/844"}],"wp:attachment":[{"href":"https:\/\/municipalidaddepanajachel.gob.gt\/index.php\/wp-json\/wp\/v2\/media?parent=724"}],"curies":[{"name":"wp","href":"https:\/\/api.w.org\/{rel}","templated":true}]}}